450. Determine w(212).
2
Let i(z) = 2207*z + 472408. Determine i(-214).
110
Let x(a) = -30*a**2 + 320*a - 1762. Calculate x(6).
-922
Let p(w) = 16*w**3 - 6748*w**2 - 2044*w + 150231. Calculate p(422).
-1
Let r(a) = a**3 - 221*a**2 + 698*a - 9583. Give r(218).
9
Let g(f) = 2*f**2 - 428*f - 130546. What is g(-170)?
14
Let d(b) = -43*b**2 - 1188*b + 4. Determine d(-28).
-444
Let p(y) = -y**2 + 1460*y + 10295. Give p(-7).
26
Let h(d) = 2704*d + 40593. Calculate h(-15).
33
Let a(v) = -16*v**3 - 96*v**2 + 2905*v + 17411. Give a(-6).
-19
Let u(b) = b**2 - 415*b + 37089. Give u(132).
-267
Let o(p) = -23*p**2 + 350*p + 7. Calculate o(7).
1330
Let d(g) = -g**3 - 77*g**2 - 352*g + 42. Give d(-5).
2
Let a(i) = 2*i**3 - 27*i**2 - 5*i + 231. Calculate a(-3).
-51
Let y(s) = -282*s**2 + 1974*s + 13. Calculate y(7).
13
Let w(l) = 3*l**2 + 924*l - 9613. Determine w(-318).
-73
Let t(n) = 2*n**2 + 29230*n + 233740. Calculate t(-8).
28
Let f(c) = -c**3 + 56*c**2 - 295*c - 14155. Calculate f(29).
-3
Let n(w) = -498*w**2 + 5958*w - 5. What is n(12)?
-221
Let z(t) = t**3 - 414*t**2 + t - 408. Calculate z(414).
6
Let d(u) = -79*u**2 + 50*u - 22. What is d(2)?
-238
Let i(x) = -10748*x**2 + 9726939*x + 918. Give i(905).
13
Let u(b) = -14*b**3 - 1049*b**2 + 61*b - 152. Determine u(-75).
898
Let m(p) = 58426*p - 292145. Calculate m(5).
-15
Let d(h) = -338*h + 8070. What is d(25)?
-380
Let s(b) = -11*b**3 + 1121*b**2 + 103*b - 106. Determine s(102).
-4
Let w(q) = -309883*q - 2789108. Calculate w(-9).
-161
Let k(g) = 925*g - 231285. What is k(250)?
-35
Let d(n) = n**3 + 35*n**2 - 48*n + 50. Calculate d(6).
1238
Let s(k) = 2*k**2 + 39*k - 4517. What is s(39)?
46
Let n(w) = 5*w**3 - 56*w**2 + 157*w - 104. Calculate n(2).
26
Let y(u) = -342*u - 21366. What is y(-56)?
-2214
Let z(u) = -35*u**3 + 26*u**2 + 46*u - 2. Give z(-3).
1039
Let h(o) = o**2 + 154*o + 5806. Give h(-90).
46
Let v(u) = 201*u - 7234. What is v(32)?
-802
Let p(i) = -i**3 + 28*i**2 + 969*i + 5948. Give p(-11).
8
Let i(v) = 823*v**2 - 31208*v - 2492. What is i(38)?
16
Let k(q) = 6617*q - 13220. What is k(2)?
14
Let b(h) = -863*h + 17391. Give b(20).
131
Let t(f) = -f**3 - 23*f**2 + 204*f + 5318. Determine t(-20).
38
Let g(m) = -36989*m + 184968. Determine g(5).
23
Let q(b) = b**3 + 42*b**2 - 1659*b - 69149. Determine q(-44).
-25
Let n(h) = 7702*h - 1186113. Give n(154).
-5
Let o(z) = -25*z**2 - 270*z + 11716. Calculate o(17).
-99
Let w(r) = -4*r**3 - 51*r**2 - 9*r - 2. Calculate w(-4).
-526
Let r(k) = 5599*k + 5934951. Determine r(-1060).
11
Let d(m) = 3*m**2 + 2185*m - 10949. Calculate d(5).
51
Let a(d) = -d**3 - 12*d**2 + 18242*d + 236975. Calculate a(-13).
-2
Let l(a) = -5*a**2 - 24*a + 32295. Determine l(78).
3
Let h(w) = -25567*w + 1201636. Give h(47).
-13
Let o(s) = -205*s + 4041. Calculate o(18).
351
Let w(o) = -o**2 - 45*o + 4505. Give w(-92).
181
Let k(q) = -190*q - 31504. Calculate k(-166).
36
Let l(f) = 4*f**2 + 130*f + 792. Give l(-22).
-132
Let n(q) = 16*q**2 - 393*q + 917. What is n(22)?
15
Let j(x) = 148821*x - 1339384. What is j(9)?
5
Let u(a) = -a**3 + 163*a**2 + 30*a - 30534. Give u(162).
570
Let m(f) = -8*f**3 + 19*f**2 - 7*f - 4. What is m(-1)?
30
Let a(h) = -4*h**2 + 176*h - 432. Give a(10).
928
Let w(u) = u**2 + u - 361. Calculate w(27).
395
Let v(l) = 13*l**2 + 54*l + 358. Calculate v(-6).
502
Let t(r) = 2*r**2 - 149818*r + 2246806. Calculate t(15).
-14
Let y(r) = -144*r - 466. What is y(-10)?
974
Let o(r) = 82*r**2 - 48*r - 35. Give o(-4).
1469
Let t(u) = -10*u**3 + 65*u**2 + 20*u + 39. Calculate t(7).
-66
Let b(i) = -5*i**3 - 40*i**2 + 9*i + 89. Determine b(-8).
17
Let r(v) = v**2 - 130792*v - 1308019. Determine r(-10).
1
Let t(g) = 10*g**2 - 2773*g + 3473. Calculate t(276).
-115
Let v(f) = -87*f + 34974. What is v(402)?
0
Let w(d) = -35*d**2 + 34071*d + 68284. What is w(-2)?
2
Let t(i) = -2*i**3 - 37*i**2 - 274*i + 21. Give t(-11).
1220
Let l(h) = -2*h**2 + 532*h - 13323. What is l(238)?
5
Let f(u) = u**3 - 2*u**2 + 74*u + 10. Give f(-6).
-722
Let m(x) = -8*x**2 + 4431*x - 56235. Determine m(13).
16
Let v(n) = -2*n**2 + 457*n + 16693. Calculate v(-32).
21
Let n(a) = -12832*a - 1129217. Give n(-88).
-1
Let y(q) = -6*q**3 + 514*q**2 + 91*q + 6958. Give y(86).
-8
Let o(v) = -4*v**3 + 595*v**2 - 446*v + 402. What is o(148)?
106
Let g(s) = s**3 - 121*s**2 - 37*s + 20511. What is g(120)?
1671
Let i(w) = 9*w**2 - 113878*w + 113878. Determine i(1).
9
Let j(a) = 43*a**2 - 7306*a - 553. What is j(170)?
127
Let y(l) = -1095*l - 2970. Calculate y(-3).
315
Let l(v) = -15*v**3 + 103*v**2 - 14*v + 34. What is l(7)?
-162
Let c(i) = -9*i**2 - 669*i - 12115. Determine c(-37).
317
Let x(t) = 23639*t + 142279. Calculate x(-6).
445
Let a(g) = g**2 + 3634*g - 36446. What is a(10)?
-6
Let x(s) = -4*s**2 - 907*s - 567. Determine x(-226).
111
Let u(d) = -19*d**2 - 83*d - 128. Give u(-6).
-314
Let v(w) = w**3 + 7*w**2 - 340*w + 10. Calculate v(13).
-1030
Let p(u) = -126*u - 1359. Give p(-13).
279
Let y(t) = t**2 - 238405*t - 2622572. What is y(-11)?
4
Let w(d) = -6*d**2 - 1800*d + 5453. Calculate w(3).
-1
Let c(s) = 2*s**3 + 216*s**2 + 116*s - 10467. Calculate c(-107).
19
Let r(g) = g**3 + 10*g**2 - 187*g + 148. What is r(7)?
-328
Let f(v) = 3131*v - 44062. What is f(14)?
-228
Let w(g) = 3*g**2 + 63346*g + 506559. Calculate w(-8).
-17
Let v(a) = -2*a**2 - 317*a + 35961. Give v(76).
317
Let r(t) = -t**2 - 517*t + 148939. Give r(206).
1
Let x(z) = 805*z - 353. Determine x(1).
452
Let g(n) = -2*n**2 + 40900*n + 818795. What is g(-20)?
-5
Let w(q) = -11612*q - 14318. Determine w(-1).
-2706
Let g(k) = -2*k**2 + 58*k + 2650. Determine g(-26).
-210
Let k(u) = 4*u**2 - 2842*u - 17070. Calculate k(-6).
126
Let b(d) = 868*d + 132033. Give b(-152).
97
Let f(b) = 8298*b + 49756. Calculate f(-6).
-32
Let q(z) = -16786*z - 470013. Give q(-28).
-5
Let w(x) = 777*x**2 + 34167*x - 924. Calculate w(-44).
0
Let g(j) = -17*j**2 + 1057*j + 4504. Give g(-4).
4
Let k(c) = -4*c**2 - 21*c + 27310. What is k(80)?
30
Let o(n) = 39099*n - 273080. Determine o(7).
613
Let m(c) = 1375*c - 5652. Calculate m(3).
-1527
Let d(t) = -876*t + 394570. Give d(450).
370
Let i(h) = 4*h**3 + 1593*h**2 + 3565*h + 408. Calculate i(-396).
12
Let k(s) = -s**3 + 231*s**2 + 1632*s + 8054. Determine k(238).
-38
Let d(n) = 17*n**2 + 3009*n + 25730. Give d(-9).
26
Let i(z) = 2*z**2 - 421*z - 4204. Give i(-10).
206
Let w(s) = -190453*s - 571352. Give w(-3).
7
Let p(j) = -j**3 + 395*j**2 + 26*j + 146505. Determine p(396).
-15
Let o(y) = 223*y**2 + 77*y + 69. What is o(-1)?
215
Let a(f) = -11*f**2 + 345*f - 1726. Calculate a(25).
24
Let p(t) = 42*t**2 + 22*t - 47. Determine p(2).
165
Let f(c) = 43*c**2 - 785*c + 673. Calculate f(20).
2173
Let g(p) = -p**3 + 26*p**2 + 767*p - 1545. Calculate g(43).
3
Let v(m) = -126*m**2 + 3075*m + 1882. What is v(25)?
7
Let b(t) = -2*t**3 - 496*t**2 + 1156*t + 286640. Give b(-248).
-48
Let g(x) = -602*x + 35168. Give g(56).
1456
Let c(m) = 33*m - 137. Give c(-10).
-467
Let m(r) = -r**3 + 69*r**2 - 68*r - 309. What is m(68)?
-309
Let g(i) = 23283*i - 2747409. Calculate g(118).
-15
Let t(c) = -8*c**3 + 101*c**2 - 75*c - 13. Determine t(1).
5
Let z(d) = 13*d**2 + 100*d + 94. Determine z(-9).
247
Let t(m) = -m**2 - 73195*m - 292756. Determine t(-4).
8
Let i(c) = c**2 + 51023*c - 2093490. Give i(41).
134
Let j(a) = -16*a**2 - 70*a - 17. What is j(-10)?
-917
Let s(n) = -2125*n - 19126. Determine s(-9).
-1
Let f(m) = -246*m**2 + 783*m - 141. Determine f(3).
-6
Let m(r) = -740*r + 13508. What is m(19)?
-552
Let p(w) = -262*w**2 + 2349*w + 94. Give p(9).
13
Let j(f) = 2*f**2 + 1534*f + 16704. Give j(-11).
72
Let b(c) = -385*c + 4209. What is b(10)?
359
Let d(w) = -3*w**3 - 76*w**2 - 49*w - 77. Determine d(-25).
523
Let o(n) = -n**2 + 7287*n + 418775. Give o(-57).
167
Let y(l) = 478*l - 5457. Determine y(12).
279
Let t(w) = 3*w**3 + 610*w**2 + 2789*w + 277777. Determine t(-201).
-5
Let i(k) = 29*k**3 + 519*k**2 - 109*k - 995. Determine i(-18).
-5
Let b(x) = -70851*x - 425116. Give b(-6).
-10
Let b(z) = -99176*z - 99185. What is b(-1)?
-9
Let z(h) = -165*h - 1515. Give z(-9).
-30
Let z(r) = 21*r**2 - 11392*r - 40406. Give z(546).
-2
Let s(j) = 179293*j + 358586. Calculate s(-2).
0
Let g(a) = 2*a**2 + 287*a - 10090. Give g(29).
-85
Let y(